06413606 a multiple of 2613?
True
Is 4397 a factor of 498370102?
False
Is 587 a factor of 9549513?
False
Is 1150 a factor of 655056100?
True
Is 41733349 a multiple of 29?
True
Is 370651520 a multiple of 10?
True
Is 255591660 a multiple of 12?
True
Does 11 divide 2263886695?
False
Is 6093597 a multiple of 3?
True
Is 290 a factor of 569667010?
True
Is 159 a factor of 525809424?
False
Does 536 divide 15521488?
True
Is 566 a factor of 38475619?
False
Is 57034638 a multiple of 10?
False
Is 320076769 a multiple of 10?
False
Is 158560708 a multiple of 202?
True
Is 37499833 a multiple of 2479?
True
Is 250880655 a multiple of 107?
False
Is 12 a factor of 17400828?
True
Is 61815502 a multiple of 7?
True
Is 88 a factor of 488026704?
True
Is 508 a factor of 11373104?
True
Does 2752 divide 1168740411?
False
Is 48 a factor of 158191315?
False
Is 1856 a factor of 176984448?
True
Is 23 a factor of 23344678?
True
Is 609725820 a multiple of 25?
False
Does 417 divide 1897291620?
True
Is 4188 a factor of 161891328?
True
Does 13 divide 1518414?
False
Is 22 a factor of 865459122?
True
Does 8 divide 67228776?
True
Is 191661912 a multiple of 468?
True
Is 204 a factor of 135771650?
False
Is 16 a factor of 5461961373?
False
Is 230101392 a multiple of 74?
False
Is 534 a factor of 1823897771?
False
Is 12 a factor of 11072640?
True
Does 12 divide 2340342443?
False
Is 1247129555 a multiple of 9?
False
Is 5717385 a multiple of 45?
True
Does 3118 divide 514831963?
False
Is 57814951 a multiple of 203?
False
Is 6617730 a multiple of 42?
True
Is 353 a factor of 2919052663?
True
Is 13 a factor of 347216519?
True
Is 2 a factor of 11381011?
False
Is 8 a factor of 104202248?
True
Is 10167964 a multiple of 13?
False
Is 33 a factor of 230971586?
False
Is 587663460 a multiple of 1868?
True
Is 12447424 a multiple of 34?
False
Is 876564428 a multiple of 626?
False
Does 35 divide 677157110?
True
Is 162808264 a multiple of 1361?
True
Does 6 divide 5128476?
True
Is 1115351245 a multiple of 4?
False
Is 482 a factor of 137537736?
True
Is 2062515193 a multiple of 40?
False
Does 387 divide 101147868?
True
Is 33 a factor of 10858753?
False
Is 225 a factor of 144007248?
False
Is 2298893520 a multiple of 20?
True
Does 2128 divide 415532432?
True
Does 4 divide 37740708?
True
Does 3 divide 20572721?
False
Is 109 a factor of 224272841?
True
Is 1195 a factor of 2736769880?
True
Is 27906233 a multiple of 45?
False
Is 365581620 a multiple of 90?
True
Does 769 divide 201815591?
True
Is 86197360 a multiple of 310?
True
Is 868 a factor of 346023314?
False
Is 411 a factor of 154571157?
False
Is 1181286540 a multiple of 1806?
True
Does 167 divide 193135333?
True
Is 481903016 a multiple of 30?
False
Is 229 a factor of 4528246?
True
Is 1979 a factor of 106393711?
False
Is 1087112817 a multiple of 11?
False
Does 1951 divide 75331354?
False
Is 13 a factor of 267114597?
False
Is 3575 a factor of 668725200?
True
Is 2602622 a multiple of 75?
False
Is 475 a factor of 17009750?
True
Does 13 divide 3489892796?
True
Does 62 divide 438420689?
False
Is 95653417 a multiple of 2615?
False
Does 106 divide 92808917?
False
Is 297 a factor of 2093514093?
True
Is 35 a factor of 869105160?
True
Is 16 a factor of 28926385?
False
Is 33426247 a multiple of 163?
True
Is 24293286 a multiple of 38?
True
Does 9 divide 7185285?
True
Does 1490 divide 1103441?
False
Is 1839726471 a multiple of 2299?
True
Does 3069 divide 7225330202?
False
Does 114 divide 5071062?
True
Is 1420 a factor of 426220310?
False
Is 2275542 a multiple of 2271?
True
Is 4147932240 a multiple of 920?
True
Is 38978353 a multiple of 851?
True
Is 17 a factor of 281459510?
False
Is 3414034 a multiple of 494?
True
Is 12 a factor of 278426294?
False
Does 19 divide 390518533?
True
Is 4 a factor of 176083908?
True
Is 1671242902 a multiple of 2070?
False
Is 412 a factor of 72214338?
False
Does 996 divide 15366288?
True
Is 223 a factor of 5703641?
False
Is 1476781081 a multiple of 61?
False
Does 2366 divide 143012870?
True
Is 35543466 a multiple of 63?
True
Is 70798492 a multiple of 69?
False
Is 3363397704 a multiple of 24?
True
Is 784651386 a multiple of 278?
True
Is 276733370 a multiple of 145?
True
Is 872 a factor of 1090552157?
False
Is 1097 a factor of 194490421?
True
Is 15308568 a multiple of 478?
False
Is 727077560 a multiple of 55?
True
Does 350 divide 158709124?
False
Is 338 a factor of 37342302?
False
Is 8842025 a multiple of 527?
False
Is 259046001 a multiple of 44?
False
Is 367 a factor of 667790697?
False
Does 550 divide 789643250?
True
Does 1705 divide 311947936?
False
Does 139 divide 84785881?
False
Is 16952363 a multiple of 52?
False
Does 1109 divide 520937092?
False
Is 5603 a factor of 30205162?
False
Is 178150866 a multiple of 17?
False
Is 1360 a factor of 259027860?
False
Does 1211 divide 1087525381?
False
Is 11558781 a multiple of 117?
True
Does 196 divide 70525700?
True
Is 40 a factor of 215253121?
False
Is 102 a factor of 33299333?
False
Is 120 a factor of 152005619?
False
Is 80 a factor of 47739836?
False
Does 29 divide 117573859?
True
Is 735 a factor of 33936420?
True
Does 190 divide 23945976?
False
Is 4847637 a multiple of 2?
False
Is 2369 a factor of 945925117?
True
Does 776 divide 40078072?
True
Does 19 divide 880996294?
True
Does 22 divide 52948170?
True
Is 1345 a factor of 34329353?
False
Is 2229555 a multiple of 3?
True
Does 9 divide 398879883?
True
Is 29 a factor of 504090499?
True
Does 273 divide 43738913?
False
Is 302 a factor of 40550748?
True
Does 43 divide 703437?
True
Is 60124779 a multiple of 13?
True
Is 34117900 a multiple of 526?
False
Is 19 a factor of 26131940?
False
Does 2986 divide 2596425538?
True
Is 15864459 a multiple of 3?
True
Is 10517360 a multiple of 196?
True
Does 400 divide 409457600?
True
Does 5 divide 76287380?
True
Is 3430532 a multiple of 28?
True
Is 184518634 a multiple of 251?
True
Does 4093 divide 373543552?
True
Does 4 divide 57395654?
False
Is 1147618881 a multiple of 19?
False
Does 22 divide 66688363?
False
Does 6847 divide 1264154763?
True
Is 77518035 a multiple of 21?
True
Does 534 divide 136841772?
True
Does 2 divide 12522919?
False
Does 3882 divide 70516530?
True
Does 27 divide 49263700?
False
Is 1632138978 a multiple of 6?
True
Is 12 a factor of 7969508?
False
Is 59933343 a multiple of 171?
False
Is 43931904 a multiple of 24?
True
Does 2678 divide 975375723?
False
Is 4 a factor of 1731236?
True
Does 615 divide 54886993?
False
Is 6 a factor of 6608841?
False
Is 3648050 a multiple of 350?
True
Is 5112792 a multiple of 709?
False
Does 800 divide 14685155?
False
Does 35 divide 22711600?
False
Does 5756 divide 443402635?
False
Is 1529628147 a multiple of 7682?
False
Does 9 divide 12361394?
False
Is 420 a factor of 102519057?
False
Is 44926722 a multiple of 241?
False
Is 6 a factor of 18780889?
False
Is 335 a factor of 21988472?
False
Is 80 a factor of 230749360?
True
Is 46439242 a multiple of 145?
False
Is 1236003782 a multiple of 26?
True
Is 86 a factor of 6909451?
False
Does 36 divide 31434139?
False
Is 330 a factor of 755842338?
False
Is 74 a factor of 73136716?
True
Is 211741313 a multiple of 38?
False
Is 826 a factor of 145282190?
False
Does 1097 divide 8978485?
False
Is 796 a factor of 332296568?
True
Is 44716683 a multiple of 33?
True
Is 392016341 a multiple of 19?
True
Does 70 divide 3359747?
False
Does 70 divide 81169509?
False
Is 3342 a factor of 1401562126?
False
Does 2375 divide 31863000?
True
Is 12 a factor of 621157788?
True
Does 72 divide 336195216?
True
Is 824942862 a multiple of 927?
True
Does 67 divide 193733984?
True
Does 28 divide 89090966?
False
Is 2480662 a multiple of 10?
False
Is 1178 a factor of 97913004?
True
Does 5984 divide 86063196?
False
Does 34 divide 87019974?
True
Is 21603264 a multiple of 222?
True
Does 202 divide 16471020?
False
Does 543 divide 35056623?
True
Is 79 a factor of 436122897?
True
Is 957656690 a multiple of 1344?
False
Is 408781277 a multiple of 23?
True
Is 3286272 a multiple of 6?
True
Is 141 a factor of 192094452?
True
Is 2433 a factor of 4227884925?
True
Does 39 divide 9322131?
True
Does 689 divide 307895790?
False
Is 39 a factor of 66394380?
True
Does 494 divide 112116646?
False
Is 35 a factor of 1018446587?
False
Is 7 a factor of 11472638?
False
Is 365 a fac